multiple of 56?
True
Is 2316 a multiple of 17?
False
Is 9 a factor of 51930?
True
Does 26 divide 5044?
True
Is 14 a factor of 5978?
True
Is 48 a factor of 8028?
False
Is 5 a factor of 2885?
True
Is 93016 a multiple of 27?
False
Is 11600 a multiple of 58?
True
Is 62 a factor of 992?
True
Is 48 a factor of 22544?
False
Is 360 a multiple of 18?
True
Is 27489 a multiple of 17?
True
Does 14 divide 3374?
True
Is 15 a factor of 1153?
False
Is 10 a factor of 14364?
False
Is 34 a factor of 90497?
False
Is 83 a factor of 19666?
False
Is 90 a multiple of 18?
True
Is 15 a factor of 261?
False
Is 167 a multiple of 5?
False
Is 15 a factor of 48?
False
Is 24 a factor of 547?
False
Does 6 divide 1294?
False
Does 3 divide 24?
True
Is 61 a factor of 35296?
False
Does 134 divide 37065?
False
Is 2119 a multiple of 13?
True
Is 45 a factor of 260?
False
Is 30 a factor of 8331?
False
Is 6 a factor of 284?
False
Does 75 divide 4152?
False
Is 40 a factor of 16320?
True
Does 6 divide 276?
True
Does 15 divide 585?
True
Is 143 a factor of 17017?
True
Is 30 a factor of 960?
True
Is 40320 a multiple of 28?
True
Does 37 divide 2923?
True
Does 65 divide 3900?
True
Is 38 a factor of 3838?
True
Does 7 divide 638?
False
Is 48972 a multiple of 66?
True
Does 9 divide 2295?
True
Is 16654 a multiple of 9?
False
Is 2 a factor of 97?
False
Does 48 divide 42420?
False
Does 78 divide 71448?
True
Is 669 a multiple of 12?
False
Does 28 divide 45248?
True
Does 33 divide 4259?
False
Is 532 a multiple of 7?
True
Is 319 a multiple of 5?
False
Is 49 a factor of 1652?
False
Is 5668 a multiple of 13?
True
Does 3 divide 2114?
False
Is 42 a factor of 882?
True
Is 131344 a multiple of 16?
True
Is 5 a factor of 355?
True
Does 7 divide 23380?
True
Is 16 a factor of 2800?
True
Is 192 a multiple of 12?
True
Does 33 divide 561?
True
Does 2 divide 275?
False
Is 476 a multiple of 28?
True
Is 5504 a multiple of 64?
True
Is 17 a factor of 1986?
False
Is 3 a factor of 1348?
False
Does 125 divide 550?
False
Is 8 a factor of 195?
False
Is 25 a multiple of 5?
True
Does 16 divide 128?
True
Does 8 divide 696?
True
Is 82 even?
True
Is 12 a factor of 7476?
True
Is 1776 a multiple of 16?
True
Is 104 a multiple of 2?
True
Is 4479 a multiple of 56?
False
Is 2536 a multiple of 8?
True
Is 74 a factor of 2664?
True
Is 117 a factor of 65403?
True
Is 31 a factor of 3813?
True
Is 14244 a multiple of 31?
False
Is 27 a factor of 567?
True
Does 8 divide 16992?
True
Does 17 divide 11584?
False
Is 5 a factor of 1415?
True
Does 6 divide 180?
True
Is 20306 a multiple of 143?
True
Does 81 divide 13741?
False
Does 20 divide 476?
False
Does 82 divide 1066?
True
Is 81 a factor of 805?
False
Is 114 a multiple of 6?
True
Is 8 a factor of 3496?
True
Is 23 a factor of 6900?
True
Is 5891 a multiple of 43?
True
Is 23 a factor of 1603?
False
Is 20 a factor of 921?
False
Is 1632 a multiple of 61?
False
Does 28 divide 3889?
False
Is 1102 a multiple of 19?
True
Is 1417 a multiple of 78?
False
Does 4 divide 24?
True
Is 29 a factor of 31204?
True
Is 10082 a multiple of 4?
False
Is 11 a factor of 25613?
False
Is 1947 a multiple of 11?
True
Does 41 divide 6962?
False
Does 18 divide 873?
False
Is 177 a factor of 177?
True
Is 22 a factor of 110?
True
Is 8 a factor of 58607?
False
Is 2989 a multiple of 61?
True
Does 16 divide 758?
False
Does 38 divide 1221?
False
Is 2185 a multiple of 62?
False
Is 27 a multiple of 24?
False
Does 30 divide 2100?
True
Is 29 a factor of 26883?
True
Does 20 divide 440?
True
Is 493 a multiple of 58?
False
Is 100 a factor of 2200?
True
Does 23 divide 31487?
True
Does 19 divide 4158?
False
Does 26 divide 8034?
True
Is 27033 a multiple of 15?
False
Does 7 divide 91?
True
Does 16 divide 9762?
False
Is 6012 a multiple of 12?
True
Is 660 a multiple of 60?
True
Is 612 a multiple of 9?
True
Is 55 a factor of 16222?
False
Is 3 a factor of 117?
True
Is 1443 a multiple of 37?
True
Is 5120 a multiple of 23?
False
Is 101 a factor of 75447?
True
Is 9 a factor of 101?
False
Does 32 divide 67872?
True
Does 58 divide 986?
True
Does 2 divide 201?
False
Does 207 divide 752?
False
Is 371 a multiple of 53?
True
Is 26 a factor of 7654?
False
Does 12 divide 252?
True
Is 21991 a multiple of 26?
False
Does 31 divide 39339?
True
Is 8 a factor of 1208?
True
Does 15 divide 6733?
False
Is 1813 a multiple of 20?
False
Is 3024 a multiple of 24?
True
Does 6 divide 258?
True
Is 4228 a multiple of 28?
True
Is 1647 a multiple of 61?
True
Does 5 divide 5721?
False
Is 68 a factor of 68?
True
Does 34 divide 986?
True
Does 11 divide 5593?
False
Is 23 a factor of 1920?
False
Is 7710 a multiple of 13?
False
Is 13 a factor of 89466?
True
Is 17 a factor of 1309?
True
Is 6547 a multiple of 16?
False
Is 3290 a multiple of 10?
True
Is 112682 a multiple of 148?
False
Does 20 divide 107?
False
Is 92 a multiple of 41?
False
Is 18 a factor of 11988?
True
Does 16 divide 19104?
True
Is 98 a factor of 2058?
True
Is 155 a factor of 27221?
False
Is 15909 a multiple of 42?
False
Is 9084 even?
True
Does 126 divide 43410?
False
Is 37 a factor of 629?
True
Is 2403 a multiple of 43?
False
Is 2244 a multiple of 44?
True
Is 10 a factor of 870?
True
Is 41 a factor of 42189?
True
Is 19481 a multiple of 23?
True
Is 546 a multiple of 21?
True
Is 1656 a multiple of 6?
True
Is 4136 a multiple of 16?
False
Is 3 a factor of 123?
True
Does 105 divide 8085?
True
Is 5 a factor of 58790?
True
Is 8 a factor of 122?
False
Is 156 a factor of 18720?
True
Is 14 a factor of 429?
False
Is 3600 a multiple of 41?
False
Is 9035 a multiple of 5?
True
Does 4 divide 32?
True
Is 14506 a multiple of 29?
False
Is 5018 a multiple of 50?
False
Is 1872 a multiple of 145?
False
Is 86 a factor of 2864?
False
Is 15 a factor of 7983?
False
Is 64 a factor of 576?
True
Does 109 divide 2071?
True
Does 134 divide 31892?
True
Is 14 a factor of 20302?
False
Does 124 divide 3472?
True
Does 4 divide 340?
True
Is 444 a multiple of 33?
False
Is 7 a factor of 1116?
False
Is 2839 a multiple of 166?
False
Is 1157 a multiple of 22?
False
Does 15 divide 318?
False
Does 43 divide 15830?
False
Is 9 a factor of 1761?
False
Is 45507 a multiple of 197?
True
Is 73246 a multiple of 106?
True
Does 8 divide 73?
False
Is 5 a factor of 447?
False
Is 22620 a multiple of 10?
True
Is 375 a multiple of 5?
True
Does 8 divide 376?
True
Does 8 divide 64848?
True
Does 13 divide 19721?
True
Does 36 divide 2073?
False
Is 9760 a multiple of 75?
False
Is 17 a factor of 427?
False
Is 4266 a multiple of 9?
True
Is 5985 a multiple of 29?
False
Is 555 a multiple of 37?
True
Does 61 divide 8123?
False
Does 20 divide 9780?
True
Is 90 a factor of 39420?
True
Does 6 divide 408?
True
Does 43 divide 775?
False
Does 2 divide 63?
False
Does 170 divide 8467?
False
Is 40 a factor of 6480?
True
Does 198 divide 70488?
True
Is 75 a factor of 488?
False
Does 48 divide 11804?
False
Does 9 divide 1314?
True
Is 9 a factor of 90?
True
Does 115 divide 489?
False
Does 11 divide 19701?
True
Is 16 a factor of 356?
False
Is 1804 a multiple of 55?
False
Is 1320 a multiple of 66?
True
Is 389 a multiple of 8?
False
Is 10 a factor of 30914?
False
Does 141 divide 10886?
False
Is 13 a factor of 14261?
True
Is 4304 a multiple of 33?
False
Is 68796 a multiple of 21?
True
Is 41 a factor of 18367?
False
Is 43 a factor of 1634?
True
Is 25652 a multiple of 11?
True
Is 106352 a multiple of 46?
True
Is 5 a factor of 28153?
False
Is 22 a factor of 770?
True
Is 350 a multiple of 7?
True
Does 3 divide 5109?
True
Is 12 a factor of 3960?
True
Is 2025 a multiple of 23?
False
Is 121 a factor of 11016?
False
Is 43 a factor of 11911?
True
Does 18 divide 10098?
True
Is 100 a factor of 9400?
True
Is 58 a factor of 1682?
True
Does 12 divide 48528?
True
Is 31 a factor of 3826?
False
Is 20 a factor of 863?
False
Is 6769 a multiple of 11?
False
Is 102021 a multiple of 11?
False
Is 74 a multiple of 4?
False
Does 8 divide 10515?
False
Is 7125 a multiple of 44?
False
Does 29 divide 493?
True
Does 47 divide 2520?
False
Is 14 a factor of 56210?
True
Is 36 a factor of 4896?
True
Is 230 a multiple of 18?
False
Is 16 a factor of 137?
False
Is 1150 a multiple of 23?
True
Is 6 a factor of 258?
True
Is 820 a multiple of 41?
True
Is 3692 a multiple of 90?
False
Is 10149 a multiple of 38?
False
Is 4 a factor of 128?
